ultiple of 1330?
False
Is 16 a factor of 62744611?
False
Is 557434780 a multiple of 785?
True
Is 30172907 a multiple of 1042?
False
Is 5 a factor of 86967893?
False
Does 2092 divide 244014732?
False
Does 654 divide 369428904?
True
Is 26 a factor of 2108880786?
False
Is 220 a factor of 76528608?
False
Is 12 a factor of 5978542872?
True
Is 1185167418 a multiple of 174?
True
Is 3585317400 a multiple of 5628?
True
Is 253 a factor of 250150020?
False
Does 14 divide 120132246?
False
Is 20679163 a multiple of 360?
False
Is 157867768 a multiple of 176?
False
Is 15618330 a multiple of 234?
True
Is 2676163 a multiple of 6?
False
Is 9 a factor of 802236078?
True
Is 289490926 a multiple of 328?
False
Is 21850784 a multiple of 463?
False
Does 96 divide 277397455?
False
Is 10 a factor of 3291562841?
False
Is 299 a factor of 152786351?
False
Does 630 divide 962998977?
False
Is 22691424 a multiple of 158?
False
Does 1268 divide 295146097?
False
Does 310 divide 44155780?
True
Is 118 a factor of 762607641?
False
Does 160 divide 3076237280?
True
Is 105 a factor of 1070348265?
True
Is 59 a factor of 235670721?
True
Does 3 divide 71240442?
True
Is 2889809 a multiple of 10?
False
Is 467 a factor of 89588643?
False
Is 135220711 a multiple of 1313?
False
Is 84426030 a multiple of 359?
True
Is 3 a factor of 428608036?
False
Does 517 divide 1539953532?
False
Is 889794169 a multiple of 14?
False
Does 148 divide 224719045?
False
Is 1068 a factor of 269163768?
True
Is 922 a factor of 34863062?
False
Does 1249 divide 12960873?
True
Is 34 a factor of 289911404?
True
Does 384 divide 28635222?
False
Does 1235 divide 10191856?
False
Is 147699184 a multiple of 81?
False
Is 33815298 a multiple of 7?
False
Does 8 divide 1773243200?
True
Is 89595225 a multiple of 491?
True
Is 5684389984 a multiple of 8?
True
Is 1665497289 a multiple of 899?
True
Is 389939760 a multiple of 45?
True
Is 70 a factor of 5162220?
True
Is 917131800 a multiple of 56?
False
Is 28883719 a multiple of 646?
False
Does 342 divide 43451223?
False
Is 34 a factor of 13958382?
False
Is 372 a factor of 496333221?
False
Is 49 a factor of 51439939?
False
Does 61 divide 21060494?
True
Is 444321412 a multiple of 18?
False
Does 134 divide 60189852?
True
Does 91 divide 9187178?
True
Is 90871969 a multiple of 4?
False
Does 3 divide 226941296?
False
Is 91732627 a multiple of 279?
False
Is 87 a factor of 401032494?
False
Does 26 divide 150924644?
True
Does 494 divide 135799294?
False
Is 88 a factor of 168833104?
True
Is 57675648 a multiple of 108?
False
Is 107 a factor of 1059030360?
True
Is 934650 a multiple of 15?
True
Does 43 divide 7637229?
False
Is 1243 a factor of 103909828?
True
Is 61 a factor of 199810797?
False
Is 76 a factor of 51473765?
False
Is 165 a factor of 32398124?
False
Is 159 a factor of 158543921?
False
Is 63 a factor of 1775537001?
True
Is 875986228 a multiple of 69?
False
Is 20 a factor of 7895919?
False
Is 349013727 a multiple of 16?
False
Does 11 divide 3118092867?
False
Is 338435581 a multiple of 125?
False
Is 127106167 a multiple of 6846?
False
Is 3489899736 a multiple of 131?
True
Is 111727710 a multiple of 954?
True
Does 79 divide 381938475?
False
Is 106 a factor of 46096538?
True
Is 559 a factor of 224294278?
True
Is 226101180 a multiple of 53?
True
Is 2709153304 a multiple of 2938?
True
Is 149929590 a multiple of 10?
True
Does 813 divide 52884556?
False
Is 16 a factor of 1351827240?
False
Is 1498 a factor of 10120063?
False
Does 118 divide 135885614?
True
Is 13 a factor of 6614907?
True
Is 31 a factor of 1620425459?
True
Does 69 divide 133631550?
False
Is 22476456 a multiple of 262?
True
Does 152 divide 161012052?
False
Is 290 a factor of 2096338862?
False
Does 449 divide 27740567?
True
Is 15 a factor of 5155995?
True
Does 121 divide 50172287?
True
Does 383 divide 1149342467?
False
Does 214 divide 572835414?
True
Is 1220135994 a multiple of 7?
True
Is 152283068 a multiple of 14?
True
Is 2314 a factor of 1305929040?
True
Is 193 a factor of 16219595?
False
Is 63481591 a multiple of 142?
False
Is 68 a factor of 44969354?
False
Is 396198210 a multiple of 528?
False
Is 39 a factor of 444757342?
False
Is 99949572 a multiple of 4?
True
Does 27 divide 69088356?
True
Is 503622858 a multiple of 17?
True
Is 87335976 a multiple of 273?
True
Is 60289593 a multiple of 4386?
False
Is 15613874 a multiple of 49?
False
Is 7 a factor of 140426956?
False
Is 2321208815 a multiple of 72?
False
Does 230 divide 7409722?
False
Is 516359088 a multiple of 8?
True
Is 116 a factor of 38441588?
True
Is 39120436 a multiple of 743?
True
Does 95 divide 3651306498?
False
Is 606 a factor of 6092448?
False
Is 4903672 a multiple of 14?
False
Is 52 a factor of 8388172?
True
Does 356 divide 63994560?
True
Is 38 a factor of 353820508?
True
Is 2878294848 a multiple of 208?
True
Is 395 a factor of 214783225?
True
Does 103 divide 14677750?
False
Is 26060466 a multiple of 141?
True
Is 1163181344 a multiple of 3536?
True
Is 361488335 a multiple of 303?
False
Is 634920 a multiple of 88?
True
Is 1305 a factor of 35098811?
False
Is 17 a factor of 224860845?
False
Is 168 a factor of 695016654?
False
Is 28626407 a multiple of 25?
False
Is 2787 a factor of 323036675?
False
Is 44299908 a multiple of 532?
False
Is 14 a factor of 10061086?
True
Is 175895260 a multiple of 415?
True
Does 260 divide 35408360?
True
Is 203300042 a multiple of 34?
True
Is 32501304 a multiple of 216?
True
Does 88 divide 575773088?
True
Does 465 divide 1717792511?
False
Does 9 divide 71412008?
False
Is 31557548 a multiple of 18?
False
Is 35 a factor of 28236384?
False
Does 6 divide 1052967390?
True
Does 948 divide 18229092?
True
Is 10610173 a multiple of 2369?
False
Is 436884868 a multiple of 302?
False
Does 871 divide 47339443?
False
Does 20 divide 49728740?
True
Is 106790124 a multiple of 371?
True
Does 33 divide 72642610?
False
Is 14 a factor of 578982774?
False
Does 3244 divide 314327380?
True
Is 923 a factor of 39457327?
True
Is 12 a factor of 846065064?
True
Does 75 divide 229566525?
True
Does 3855 divide 605780206?
False
Does 136 divide 2182062608?
True
Is 15 a factor of 88224240?
True
Is 111 a factor of 2522261981?
False
Does 128 divide 176587951?
False
Is 26686697 a multiple of 11?
False
Does 63 divide 13222286?
False
Is 19786126 a multiple of 2102?
True
Is 512595780 a multiple of 343?
False
Is 13 a factor of 97489768?
False
Is 695290398 a multiple of 594?
False
Is 329532332 a multiple of 83?
False
Is 72389597 a multiple of 29?
True
Is 9216350 a multiple of 63?
False
Is 81 a factor of 468130509?
True
Is 15 a factor of 378897870?
True
Is 74 a factor of 292097909?
False
Is 2415403350 a multiple of 75?
True
Is 31756527 a multiple of 99?
True
Is 823 a factor of 14827168?
True
Is 3 a factor of 31350544?
False
Is 79 a factor of 65594771?
False
Is 2 a factor of 40993?
False
Does 20 divide 510428500?
True
Does 1375 divide 11680625?
True
Is 4272 a factor of 410873874?
False
Does 297 divide 349046874?
True
Is 59 a factor of 72586558?
False
Does 162 divide 8758209?
False
Is 542 a factor of 201635934?
False
Is 370590945 a multiple of 641?
True
Is 45 a factor of 3424327245?
True
Does 15 divide 793170?
True
Is 21665448 a multiple of 966?
True
Is 62 a factor of 3915974622?
True
Is 54 a factor of 14785632?
True
Is 11752000 a multiple of 7?
False
Is 36426488 a multiple of 434?
True
Is 173 a factor of 6883670?
True
Is 1246336510 a multiple of 485?
True
Does 137 divide 3048524?
True
Does 374 divide 31429740?
False
Does 298 divide 3554822?
False
Is 18587125 a multiple of 160?
False
Does 3789 divide 1358436069?
True
Is 1867 a factor of 299422640?
False
Does 15 divide 25683895?
False
Is 23972692 a multiple of 406?
False
Does 788 divide 1357671491?
False
Is 48321185 a multiple of 984?
False
Is 558408450 a multiple of 295?
True
Is 8 a factor of 239391472?
True
Is 7035612 a multiple of 6?
True
Does 1119 divide 32640961?
False
Is 10980733 a multiple of 1160?
False
Is 743397105 a multiple of 4509?
False
Does 5 divide 27131604?
False
Is 1496 a factor of 153332520?
True
Is 756 a factor of 35786016?
True
Does 13 divide 1462433635?
True
Does 22 divide 25148860?
True
Is 164920905 a multiple of 9?
True
Is 991709882 a multiple of 137?
False
Is 294 a factor of 14931966?
True
Is 15 a factor of